6. What is the units digit of h?
9
Let v = 30 + -20. Suppose -t - v = -6*t. What is the units digit of t?
2
Let b = 24 + -40. Let s = b - -32. What is the tens digit of s?
1
Suppose -130 = 3*z + 104. Let l = z - -130. What is the units digit of l?
2
Let d = -15 + 11. Let l be (-2)/(-4) + 38/d. Let z = l + 13. What is the units digit of z?
4
Suppose 0*b + 3*b - 51 = -3*n, -2*b + 54 = 3*n. Let t = 66 - n. What is the tens digit of t?
4
Let t be (-3 - -2*5)*-1. Let g(y) = y**3 + 6*y**2 - 10*y - 5. What is the units digit of g(t)?
6
Let v be 1 + 1 + 2 + 3. Let j(w) = w**2 - 4*w - 1. What is the units digit of j(v)?
0
Let q be (-598)/(-18) - (-2)/(-9). Let i = q - 11. What is the units digit of i?
2
Let y be ((-1)/2)/((-2)/16). Suppose 51 = y*w - w. What is the tens digit of w?
1
Let q(j) = 18*j. Let f be q(5). Suppose -5*s + a + f = -0*a, -a - 52 = -3*s. What is the units digit of s?
9
What is the units digit of ((-236)/(-6))/((-4)/(-6))?
9
Let n = -102 + 146. What is the units digit of n?
4
Suppose -i + 21 = 2*i. Suppose o - i = -2. What is the units digit of o?
5
What is the hundreds digit of 4/(-14) - 8640/(-56)?
1
Let o = 0 + 1. Let r(s) = 11*s**2 - 1. Let j be r(o). Let i = j + -6. What is the units digit of i?
4
Suppose -f + z + 11 = 3*z, 5*z = -4*f + 41. Let v = f + -6. What is the units digit of v?
3
Let o(a) be the second derivative of -a**3/6 + 4*a**2 - a. Let u be o(8). Let b(z) = -z + 7. What is the units digit of b(u)?
7
Let z = 23 + -13. Suppose -k - z = -j, -5*j + 2*k = 5 - 58. What is the units digit of j?
1
Let o(l) = -3 + 3 - 10*l. Let v be o(-1). Suppose -v - 4 = -2*p. What is the units digit of p?
7
Let c(x) = -x**2 + 5*x - 4. Let f(u) = u**2 - 5*u - 5. Let j be f(6). Suppose -i + 2 = -j. What is the units digit of c(i)?
2
Let l(g) = -g**3 - 3*g**2 - 3*g - 1. Let w(u) = -2*u + 3. Let f = 3 + 0. Let i be w(f). What is the units digit of l(i)?
8
Suppose 4*w - 2*x + 2 = -4, -4*w = -4*x + 16. What is the units digit of w?
1
Suppose -5*g - 7*n + 685 = -2*n, -2*n = 5*g - 673. What is the tens digit of g?
3
Let h(d) = -d**3 - 6*d**2 + 2*d + 6. Let l be h(-7). Let k = -28 + l. What is the units digit of k?
3
Suppose 3*k - 37 = -10. What is the units digit of k?
9
Suppose 0 = 2*i + 5*u + 11, -2*i + 5*u = -i + 13. What is the units digit of i/(0 - (-2 + 3))?
8
Suppose 3*l = -3*q + 1 - 7, -2*q = l + 7. Suppose -2*b - 58 = -5*k, -2*b - 2*b = -l*k + 32. What is the tens digit of k?
1
Suppose -3 + 13 = -2*w. What is the units digit of (w/5)/((-1)/25)?
5
Let q(k) = -k**2 - 8*k - 6. What is the units digit of q(-6)?
6
Let r = 205 - 102. What is the units digit of r?
3
Suppose -9 = h - 41. What is the units digit of h?
2
Let b(l) = l**3 - 5*l**2 - 15*l + 17. What is the hundreds digit of b(9)?
2
Suppose 2*u - 6 = -0*u. Suppose v - 24 = -u*v. What is the units digit of v?
6
Let c be 30*(1 + (-27)/(-15)). Let u = c - 39. What is the tens digit of u?
4
Let c = 255 + -124. What is the units digit of c?
1
Suppose -p - 2*j + 349 = -0*p, 4*p = j + 1396. What is the units digit of p?
9
Suppose h = 4*h - 24. What is the units digit of -1 - -1 - h*-2?
6
Suppose 71 = 3*t - 5*q, 5*t + q - 143 = -3*q. What is the tens digit of t?
2
Let t(u) be the third derivative of u**5/60 + u**4/12 - u**3/3 + u**2. What is the units digit of t(-3)?
1
Let d be 38/14 - 4/(-14). Suppose d*w + 2 = 4*w. Suppose -10 = -w*l + 24. What is the units digit of l?
7
Let d(l) = 6*l**2 - 2*l + 2. What is the tens digit of d(2)?
2
What is the units digit of 246/4 - 1/2?
1
Let o = -213 + 311. What is the units digit of o?
8
Let w be 0 + -3 + (-24)/(-4). Suppose -w*y = -0*y - 54. What is the tens digit of y?
1
Let t(p) = 2*p**2 - 3*p. Let b be (1/(-2))/((-1)/4). Let r be t(b). Let h(k) = 8*k - 3. What is the tens digit of h(r)?
1
Let z = 28 - 20. Let v be 34/z - 3/12. Suppose 2*y = 8 + v. What is the units digit of y?
6
Let q = 269 + -16. What is the tens digit of q?
5
Suppose 5*r - 1112 = -3*z, -r + 0*z - 4*z = -219. What is the units digit of r?
3
Let x(h) = 2*h**2 - 9*h + 4. Let f be x(6). Suppose -u + f = -2. What is the units digit of u?
4
Let c(m) = m**2 + m. Let i be c(0). Suppose -s - 6 + 26 = i. Suppose -3*t - 5 = -s. What is the units digit of t?
5
Suppose 0*c = 4*c + 60. Let w = 5 - -18. Let h = c + w. What is the units digit of h?
8
Let o = 9 + -12. What is the tens digit of (-6)/3 - -39 - o?
4
Let x be (5 - 6)/(2/(-32)). Suppose 0 = 3*t + 2*t - q - 19, -4*q = x. What is the units digit of t?
3
Suppose 0 = -3*t - 9, -4*k + 3*t + 39 = k. Suppose 4*w = 2*w - 3*n - 8, 5*w + n - k = 0. Let s(c) = 2*c**2 + c - 2. What is the units digit of s(w)?
8
Let x(j) be the first derivative of -3*j**4/4 + j**2/2 - 1. Let q be x(1). What is the units digit of q + 2*(-6)/(-4)?
1
What is the tens digit of 6/(-21) - (-436)/7?
6
Let j = -43 - -56. What is the units digit of j?
3
Suppose -3*n - 3*a + 159 = 0, -4*n + 3*n + 57 = 3*a. What is the tens digit of n?
5
Let o be (156/15)/(4/10). Suppose 5*h - 2*i - 95 - o = 0, -3 = i. What is the tens digit of h?
2
Let t = -27 - -19. What is the tens digit of 6/(-8) - 294/t?
3
Let g(l) be the second derivative of 3*l**5/20 - l**4/6 + l**3/3 - 3*l**2/2 + 3*l. What is the tens digit of g(2)?
1
What is the units digit of 39/(-65)*(0 + -85)?
1
Let l = 3 - 3. Let t be (l/4)/(4/2). Suppose -2*a - a - 3*w = 9, -2*a + 3*w + 19 = t. What is the units digit of a?
2
Let y = 35 - 13. What is the tens digit of y?
2
Let j(s) = 0*s + 8 - 2 + 2 + s. What is the units digit of j(13)?
1
Let u(s) = -s**3 + 4*s**2 + s + 1. Let l be (-3 + 0)*(-4 - -3). What is the tens digit of u(l)?
1
Let h(w) = 2*w**2 - 5*w - 5. Suppose -7*n - 22 = -1. What is the units digit of h(n)?
8
Let y = 10 - 2. Let b = 13 - y. What is the units digit of b?
5
Suppose 7 = c - 23. Let f be 7/((-21)/c) + 0. Let a = 1 - f. What is the tens digit of a?
1
Let p be ((-78)/3)/(0 + -1). Suppose 0 = 5*x - 19 - p. What is the units digit of x?
9
Suppose 12 = -2*r + 5*r. Let p(y) = 6*y - 12. What is the units digit of p(r)?
2
Suppose 0 = u - 5*g + 2, -u + 3*u - g = 23. Let a = u - 5. What is the units digit of a?
8
Let c(z) = -z**3 + 6*z**2 - 4*z - 9. What is the units digit of c(4)?
7
Let n = 7 + -16. Let d(k) = -2*k - 11. Let r be d(n). What is the units digit of r - 5 - 4*-2?
0
Let d(u) = 16*u**3 + 2*u**2 - u. What is the tens digit of d(1)?
1
Let j be (-3 + 2)*2 + 4. Suppose 3*t + j*t - 10 = 0. What is the units digit of t?
2
Let w(f) be the third derivative of f**4/12 + f**3/6 + 3*f**2. Suppose 3*y + j - 14 = y, y - 3*j + 7 = 0. What is the tens digit of w(y)?
1
Let b = 1 - -2. Suppose -22 - 20 = -b*w. What is the units digit of (-4)/w + (-74)/(-14)?
5
Let a(s) be the second derivative of s**5/20 - s**4/12 + s**3/6 + s**2 - 3*s. What is the units digit of a(2)?
8
Suppose -5*i = -2*i - 78. What is the units digit of i?
6
Suppose 15 = -2*l + 3*l - 3*j, -l = 2*j - 35. Let p = l - 15. What is the tens digit of p?
1
Let q(j) = j**3 + 15*j**2 + 25*j - 20. What is the units digit of q(-11)?
9
Let j = 23 - 20. What is the units digit of j?
3
Let g(d) = d**2 - 2*d - 1. Let q be g(3). Suppose x + 8 = -2*i - q*i, 4*i + 4 = -2*x. Let j(z) = -z**3 + 3*z**2 + 6*z - 1. What is the units digit of j(x)?
7
Suppose -4*m = -96 - 36. Let i = -12 + m. What is the tens digit of i?
2
Let i be 4/(-3)*(2 + 4). Let c = 14 + i. What is the tens digit of c/(-4)*240/(-18)?
2
What is the units digit of (1 - -2)/(4/24)?
8
Let f = 7 - 5. Suppose f*c + 6*n - 38 = n, -2*n = -3*c + 19. What is the units digit of c?
9
Suppose -13 = 3*j - 508. What is the units digit of j?
5
Let y(w) = -9*w**3 + w**2 + 5*w + 5. What is the tens digit of y(-2)?
7
Let d(s) = s**3 + 8*s**2 + 8*s. Let c be d(-7). Let u = 18 + c. What is the tens digit of u?
1
Suppose -2*a - 98 = -4*l + 48, -3*l + 92 = -5*a. What is the tens digit of l?
3
Suppose 0 = -0*r - 2*r + 4. Suppose -r*l + 3 = y, 5*l + 3*y + 0*y - 7 = 0. Suppose -l*f - f = -54. What is the units digit of f?
8
Let r be -1*(11*-1 - 1). Suppose -3*g - 31 = 4*f, 3*f + 0*f + r = 0. What is the tens digit of 1 + -1 - 2*g?
1
Let n(s) = 4 - 4*s + s + 4*s. Let x be n(-4). Let h = x + 4. What is the units digit of h?
4
Let t = 27 + -38. Let l(h) = -h**3 - 2*h**2 + 5*h + 2. Let d be l(-3). Let k = d - t. What is t